{"id":159,"date":"2026-01-27T21:05:04","date_gmt":"2026-01-27T21:05:04","guid":{"rendered":"https:\/\/heliapp.be\/?page_id=159"},"modified":"2026-01-27T21:05:04","modified_gmt":"2026-01-27T21:05:04","slug":"developpement","status":"publish","type":"page","link":"https:\/\/heliapp.be\/index.php\/developpement\/","title":{"rendered":"D\u00e9veloppement"},"content":{"rendered":"\n<h2 class=\"wp-block-heading\">D\u00e9veloppement d\u2019applications mobiles et de sites internet<\/h2>\n\n\n\n<p>Chez <strong>Heliapp<\/strong>, nous accompagnons les entreprises, ind\u00e9pendants et porteurs de projets dans la <strong>conception et le d\u00e9veloppement d\u2019applications mobiles et de sites internet sur mesure<\/strong>, pens\u00e9s pour r\u00e9pondre \u00e0 de r\u00e9els besoins m\u00e9tiers.<\/p>\n\n\n\n<p>Fort de <strong>plus de plus de 10 ans d\u2019exp\u00e9rience dans le d\u00e9veloppement informatique<\/strong>, Heliapp s\u2019appuie sur une expertise technique solide et sur de nombreuses <strong>collaborations r\u00e9ussies avec des clients satisfaits<\/strong>, dans des secteurs vari\u00e9s.<\/p>\n\n\n\n<h3 class=\"wp-block-heading\">Des solutions sur mesure, adapt\u00e9es \u00e0 vos besoins<\/h3>\n\n\n\n<p>Chaque projet est unique. C\u2019est pourquoi nous privil\u00e9gions une approche personnalis\u00e9e, depuis l\u2019analyse de vos id\u00e9es jusqu\u2019\u00e0 la mise en production de votre solution digitale.<br>Que vous partiez d\u2019une id\u00e9e pr\u00e9cise ou d\u2019un simple besoin business, Heliapp vous accompagne pour <strong>clarifier vos objectifs<\/strong>, d\u00e9finir les fonctionnalit\u00e9s essentielles et concevoir une solution efficace, \u00e9volutive et p\u00e9renne.<\/p>\n\n\n\n<h3 class=\"wp-block-heading\">Technologies ma\u00eetris\u00e9es<\/h3>\n\n\n\n<p>Heliapp ma\u00eetrise plusieurs technologies et langages de programmation, permettant de choisir les outils les plus adapt\u00e9s \u00e0 votre projet :<\/p>\n\n\n\n<ul class=\"wp-block-list\">\n<li>D\u00e9veloppement mobile natif (<strong>Swift<\/strong>, <strong>Kotlin<\/strong>)<\/li>\n\n\n\n<li>D\u00e9veloppement applicatif et backend (<strong>Java<\/strong>, <strong>Kotlin<\/strong>, <strong>C#<\/strong>, et autres technologies selon les besoins)<\/li>\n\n\n\n<li>D\u00e9veloppement de sites internet performants et sur mesure<\/li>\n<\/ul>\n\n\n\n<p>Cette diversit\u00e9 technologique garantit des solutions <strong>robustes, modernes et adapt\u00e9es \u00e0 vos contraintes techniques et business<\/strong>.<\/p>\n\n\n\n<h3 class=\"wp-block-heading\">Un partenaire de confiance<\/h3>\n\n\n\n<p>Au-del\u00e0 du d\u00e9veloppement, Heliapp se positionne comme un <strong>v\u00e9ritable partenaire digital<\/strong> : \u00e9coute, conseils, transparence et suivi font partie int\u00e9grante de chaque collaboration. L\u2019objectif est simple : vous fournir une solution fiable, intuitive et align\u00e9e avec vos objectifs.<\/p>\n\n\n\n<p>Vous avez un projet, une id\u00e9e ou un besoin sp\u00e9cifique ?<br><strong>Contactez nous<\/strong> pour en discuter et construire ensemble votre solution digitale.<\/p>\n\n\n\n<div class=\"wp-block-buttons is-content-justification-center is-layout-flex wp-container-core-buttons-is-layout-a89b3969 wp-block-buttons-is-layout-flex\">\n<div class=\"wp-block-button\"><a class=\"wp-block-button__link wp-element-button\" href=\"https:\/\/heliapp.be\/index.php\/contact\/\">Contactez nous<\/a><\/div>\n<\/div>\n\n\n\n<p><\/p>\n","protected":false},"excerpt":{"rendered":"<p>D\u00e9veloppement d\u2019applications mobiles et de sites internet Chez Heliapp, nous accompagnons les entreprises, ind\u00e9pendants et porteurs de projets dans la [&hellip;]<\/p>\n","protected":false},"author":1,"featured_media":0,"parent":0,"menu_order":0,"comment_status":"closed","ping_status":"closed","template":"","meta":{"site-sidebar-layout":"default","site-content-layout":"","ast-site-content-layout":"default","site-content-style":"default","site-sidebar-style":"default","ast-global-header-display":"","ast-banner-title-visibility":"","ast-main-header-display":"","ast-hfb-above-header-display":"","ast-hfb-below-header-display":"","ast-hfb-mobile-header-display":"","site-post-title":"disabled","ast-breadcrumbs-content":"","ast-featured-img":"","footer-sml-layout":"","ast-disable-related-posts":"","theme-transparent-header-meta":"","adv-header-id-meta":"","stick-header-meta":"","header-above-stick-meta":"","header-main-stick-meta":"","header-below-stick-meta":"","astra-migrate-meta-layouts":"default","ast-page-background-enabled":"default","ast-page-background-meta":{"desktop":{"background-color":"var(--ast-global-color-5)","background-image":"","background-repeat":"repeat","background-position":"center center","background-size":"auto","background-attachment":"scroll","background-type":"","background-media":"","overlay-type":"","overlay-color":"","overlay-opacity":"","overlay-gradient":""},"tablet":{"background-color":"","background-image":"","background-repeat":"repeat","background-position":"center center","background-size":"auto","background-attachment":"scroll","background-type":"","background-media":"","overlay-type":"","overlay-color":"","overlay-opacity":"","overlay-gradient":""},"mobile":{"background-color":"","background-image":"","background-repeat":"repeat","background-position":"center center","background-size":"auto","background-attachment":"scroll","background-type":"","background-media":"","overlay-type":"","overlay-color":"","overlay-opacity":"","overlay-gradient":""}},"ast-content-background-meta":{"desktop":{"background-color":"var(--ast-global-color-4)","background-image":"","background-repeat":"repeat","background-position":"center center","background-size":"auto","background-attachment":"scroll","background-type":"","background-media":"","overlay-type":"","overlay-color":"","overlay-opacity":"","overlay-gradient":""},"tablet":{"background-color":"var(--ast-global-color-4)","background-image":"","background-repeat":"repeat","background-position":"center center","background-size":"auto","background-attachment":"scroll","background-type":"","background-media":"","overlay-type":"","overlay-color":"","overlay-opacity":"","overlay-gradient":""},"mobile":{"background-color":"var(--ast-global-color-4)","background-image":"","background-repeat":"repeat","background-position":"center center","background-size":"auto","background-attachment":"scroll","background-type":"","background-media":"","overlay-type":"","overlay-color":"","overlay-opacity":"","overlay-gradient":""}},"footnotes":""},"class_list":["post-159","page","type-page","status-publish","hentry"],"_links":{"self":[{"href":"https:\/\/heliapp.be\/index.php\/wp-json\/wp\/v2\/pages\/159","targetHints":{"allow":["GET"]}}],"collection":[{"href":"https:\/\/heliapp.be\/index.php\/wp-json\/wp\/v2\/pages"}],"about":[{"href":"https:\/\/heliapp.be\/index.php\/wp-json\/wp\/v2\/types\/page"}],"author":[{"embeddable":true,"href":"https:\/\/heliapp.be\/index.php\/wp-json\/wp\/v2\/users\/1"}],"replies":[{"embeddable":true,"href":"https:\/\/heliapp.be\/index.php\/wp-json\/wp\/v2\/comments?post=159"}],"version-history":[{"count":1,"href":"https:\/\/heliapp.be\/index.php\/wp-json\/wp\/v2\/pages\/159\/revisions"}],"predecessor-version":[{"id":160,"href":"https:\/\/heliapp.be\/index.php\/wp-json\/wp\/v2\/pages\/159\/revisions\/160"}],"wp:attachment":[{"href":"https:\/\/heliapp.be\/index.php\/wp-json\/wp\/v2\/media?parent=159"}],"curies":[{"name":"wp","href":"https:\/\/api.w.org\/{rel}","templated":true}]}}